{"id":1451,"date":"2023-06-16T10:27:44","date_gmt":"2023-06-16T13:27:44","guid":{"rendered":"https:\/\/ibavancar.com\/?page_id=1451"},"modified":"2023-06-29T09:19:34","modified_gmt":"2023-06-29T12:19:34","slug":"diretoria-da-igreja","status":"publish","type":"page","link":"https:\/\/ibavancar.com\/index.php\/diretoria-da-igreja\/","title":{"rendered":"Diretoria da Igreja"},"content":{"rendered":"\t\t<div data-elementor-type=\"wp-page\" data-elementor-id=\"1451\" class=\"elementor elementor-1451\">\n\t\t\t\t\t\t\t<div class=\"elementor-element elementor-element-7998c78 e-con-boxed e-flex e-con\" data-id=\"7998c78\" data-element_type=\"container\" data-settings=\"{&quot;background_background&quot;:&quot;classic&quot;,&quot;content_width&quot;:&quot;boxed&quot;}\">\n\t\t\t\t\t<div class=\"e-con-inner\">\n\t\t\t\t<div class=\"elementor-element elementor-element-bdc783b elementor-widget elementor-widget-heading\" data-id=\"bdc783b\" data-element_type=\"widget\" data-widget_type=\"heading.default\">\n\t\t\t\t<div class=\"elementor-widget-container\">\n\t\t\t<style>\/*! elementor - v3.13.3 - 22-05-2023 *\/\n.elementor-heading-title{padding:0;margin:0;line-height:1}.elementor-widget-heading .elementor-heading-title[class*=elementor-size-]>a{color:inherit;font-size:inherit;line-height:inherit}.elementor-widget-heading .elementor-heading-title.elementor-size-small{font-size:15px}.elementor-widget-heading .elementor-heading-title.elementor-size-medium{font-size:19px}.elementor-widget-heading .elementor-heading-title.elementor-size-large{font-size:29px}.elementor-widget-heading .elementor-heading-title.elementor-size-xl{font-size:39px}.elementor-widget-heading .elementor-heading-title.elementor-size-xxl{font-size:59px}<\/style><h2 class=\"elementor-heading-title elementor-size-default\">DIRETORIA<\/h2>\t\t<\/div>\n\t\t\t\t<\/div>\n\t\t\t\t<div class=\"elementor-element elementor-element-4ae2c80 elementor-widget-divider--separator-type-pattern elementor-widget-divider--view-line elementor-widget elementor-widget-divider\" data-id=\"4ae2c80\" data-element_type=\"widget\" data-widget_type=\"divider.default\">\n\t\t\t\t<div class=\"elementor-widget-container\">\n\t\t\t<style>\/*! elementor - v3.13.3 - 22-05-2023 *\/\n.elementor-widget-divider{--divider-border-style:none;--divider-border-width:1px;--divider-color:#0c0d0e;--divider-icon-size:20px;--divider-element-spacing:10px;--divider-pattern-height:24px;--divider-pattern-size:20px;--divider-pattern-url:none;--divider-pattern-repeat:repeat-x}.elementor-widget-divider .elementor-divider{display:flex}.elementor-widget-divider .elementor-divider__text{font-size:15px;line-height:1;max-width:95%}.elementor-widget-divider .elementor-divider__element{margin:0 var(--divider-element-spacing);flex-shrink:0}.elementor-widget-divider .elementor-icon{font-size:var(--divider-icon-size)}.elementor-widget-divider .elementor-divider-separator{display:flex;margin:0;direction:ltr}.elementor-widget-divider--view-line_icon .elementor-divider-separator,.elementor-widget-divider--view-line_text .elementor-divider-separator{align-items:center}.elementor-widget-divider--view-line_icon .elementor-divider-separator:after,.elementor-widget-divider--view-line_icon .elementor-divider-separator:before,.elementor-widget-divider--view-line_text .elementor-divider-separator:after,.elementor-widget-divider--view-line_text .elementor-divider-separator:before{display:block;content:\"\";border-bottom:0;flex-grow:1;border-top:var(--divider-border-width) var(--divider-border-style) var(--divider-color)}.elementor-widget-divider--element-align-left .elementor-divider .elementor-divider-separator>.elementor-divider__svg:first-of-type{flex-grow:0;flex-shrink:100}.elementor-widget-divider--element-align-left .elementor-divider-separator:before{content:none}.elementor-widget-divider--element-align-left .elementor-divider__element{margin-left:0}.elementor-widget-divider--element-align-right .elementor-divider .elementor-divider-separator>.elementor-divider__svg:last-of-type{flex-grow:0;flex-shrink:100}.elementor-widget-divider--element-align-right .elementor-divider-separator:after{content:none}.elementor-widget-divider--element-align-right .elementor-divider__element{margin-right:0}.elementor-widget-divider:not(.elementor-widget-divider--view-line_text):not(.elementor-widget-divider--view-line_icon) .elementor-divider-separator{border-top:var(--divider-border-width) var(--divider-border-style) var(--divider-color)}.elementor-widget-divider--separator-type-pattern{--divider-border-style:none}.elementor-widget-divider--separator-type-pattern.elementor-widget-divider--view-line .elementor-divider-separator,.elementor-widget-divider--separator-type-pattern:not(.elementor-widget-divider--view-line) .elementor-divider-separator:after,.elementor-widget-divider--separator-type-pattern:not(.elementor-widget-divider--view-line) .elementor-divider-separator:before,.elementor-widget-divider--separator-type-pattern:not([class*=elementor-widget-divider--view]) .elementor-divider-separator{width:100%;min-height:var(--divider-pattern-height);-webkit-mask-size:var(--divider-pattern-size) 100%;mask-size:var(--divider-pattern-size) 100%;-webkit-mask-repeat:var(--divider-pattern-repeat);mask-repeat:var(--divider-pattern-repeat);background-color:var(--divider-color);-webkit-mask-image:var(--divider-pattern-url);mask-image:var(--divider-pattern-url)}.elementor-widget-divider--no-spacing{--divider-pattern-size:auto}.elementor-widget-divider--bg-round{--divider-pattern-repeat:round}.rtl .elementor-widget-divider .elementor-divider__text{direction:rtl}.e-con-inner>.elementor-widget-divider,.e-con>.elementor-widget-divider{width:var(--container-widget-width,100%);--flex-grow:var(--container-widget-flex-grow)}<\/style>\t\t<div class=\"elementor-divider\" style=\"--divider-pattern-url: url(&quot;data:image\/svg+xml,%3Csvg xmlns=&#039;http:\/\/www.w3.org\/2000\/svg&#039; preserveAspectRatio=&#039;none&#039; overflow=&#039;visible&#039; height=&#039;100%&#039; viewBox=&#039;0 0 24 24&#039; fill=&#039;black&#039; stroke=&#039;none&#039;%3E%3Cpolygon points=&#039;9.4,2 24,2 14.6,21.6 0,21.6&#039;\/%3E%3C\/svg%3E&quot;);\">\n\t\t\t<span class=\"elementor-divider-separator\">\n\t\t\t\t\t\t<\/span>\n\t\t<\/div>\n\t\t\t\t<\/div>\n\t\t\t\t<\/div>\n\t\t<div class=\"elementor-element elementor-element-e20417f e-con-full e-flex e-con\" data-id=\"e20417f\" data-element_type=\"container\" data-settings=\"{&quot;content_width&quot;:&quot;full&quot;,&quot;background_background&quot;:&quot;classic&quot;}\">\n\t\t\t\t<div class=\"elementor-element elementor-element-3931120 elementor-widget elementor-widget-text-editor\" data-id=\"3931120\" data-element_type=\"widget\" data-widget_type=\"text-editor.default\">\n\t\t\t\t<div class=\"elementor-widget-container\">\n\t\t\t<style>\/*! elementor - v3.13.3 - 22-05-2023 *\/\n.elementor-widget-text-editor.elementor-drop-cap-view-stacked .elementor-drop-cap{background-color:#69727d;color:#fff}.elementor-widget-text-editor.elementor-drop-cap-view-framed .elementor-drop-cap{color:#69727d;border:3px solid;background-color:transparent}.elementor-widget-text-editor:not(.elementor-drop-cap-view-default) .elementor-drop-cap{margin-top:8px}.elementor-widget-text-editor:not(.elementor-drop-cap-view-default) .elementor-drop-cap-letter{width:1em;height:1em}.elementor-widget-text-editor .elementor-drop-cap{float:left;text-align:center;line-height:1;font-size:50px}.elementor-widget-text-editor .elementor-drop-cap-letter{display:inline-block}<\/style>\t\t\t\t<p class=\"Normal\"><span class=\"tm5\">CONSELHO<\/span><strong><span class=\"tm5\"> ADMINISTRATIVO: DIRETORIAS E DEPARTAMENTOS.<\/span><\/strong><\/p>\n<p class=\"Normal\"><strong><span class=\"tm5\">&nbsp;<\/span><\/strong><\/p>\n<p class=\"Normal\"><strong><span class=\"tm5\">1. DIRETORIA EXECUTIVA<\/span><\/strong><\/p>\n<p class=\"Normal\"><b>Presidente:<\/b> Vicente Barbosa de Sousa<\/p>\n<p class=\"Normal\"><b>Vice Presidente:<\/b> Ezequiel Ribeiro da Costa<\/p>\n<p class=\"Normal\"><b>Primeira Secret\u00e1ria:<\/b> Monika de Carvalho Sousa<\/p>\n<p class=\"Normal\"><b>Segunda Secret\u00e1ria:<\/b> Leilane Lopes Cavalcante<\/p>\n<p class=\"Normal\"><b>Primeiro Tesoureiro:<\/b> Glenyo Werton Benedito Lacerda<\/p>\n<p class=\"Normal\"><b>Segundo Tesoureiro:<\/b> Joel de Melo Moura<\/p>\n<p class=\"Normal\"><br><\/p>\n<p class=\"Normal\">\n<\/p><p class=\"Normal\"><strong><span class=\"tm5\">2. CONSELHO FISCAL: <\/span><\/strong><\/p>\n<p class=\"Normal\"><b>Presidente:<\/b> Mirian Ana de Brito Fontenele<\/p>\n<p class=\"Normal\"><b>Relatora:<\/b> Elane da Costa Mon\u00e7\u00e3o<\/p>\n<p class=\"Normal\"><b>Membro: <\/b>Lucas Danillo Lima Marques<\/p>\n<p class=\"Normal\"><b>Suplente:<\/b> Rafael Costa Carvalho<\/p>\n<p class=\"Normal\"><br><\/p>\n<p class=\"Normal\">\n<\/p><p class=\"Normal\"><strong><span class=\"tm5\">3. DIRETORIA FINANCEIRA, PESSOAL E PATRIM\u00d4NIO<\/span><\/strong><\/p>\n<p class=\"Normal\"><b>Diretor:<\/b> Antonio Rodrigues de Moura<\/p>\n<p class=\"Normal\"><b>Vice-Diretor:<\/b> Reginaldo Ferreira de Moraes<\/p>\n<p><\/p>\n<p class=\"Normal\"><strong><span class=\"tm5\">Membros Departamento de Finan\u00e7as:<\/span><\/strong><\/p>\n<p class=\"Normal\">Antonio Rodrigues de Moura<\/p>\n<p class=\"Normal\">Ist\u00e9lia Carline Carvalho Sampaio<\/p>\n<p class=\"Normal\">Karytta Karolynne da costa R\u00eago<\/p>\n<p><\/p>\n<p class=\"Normal\"><strong><span class=\"tm5\">Membros Departamento de Patrim\u00f4nio:<\/span><\/strong><\/p>\n<p class=\"Normal\">Reginaldo Ferreira de Moraes<\/p>\n<p class=\"Normal\">Lu\u00eds Carlos de Oliveira<\/p>\n<p class=\"Normal\">Francisco Wagner Carvalho da Silva<\/p>\n<p class=\"Normal\">Fred Mendon\u00e7a Brasil J\u00fanior<\/p>\n<p class=\"Normal\"><br><\/p>\n<p><\/p>\n<p class=\"Normal\"><strong><span class=\"tm5\">4. DIRETORIA DE PROJETO ASSISTENCIAIS<\/span><\/strong><\/p>\n<p class=\"Normal\"><b>Diretor:<\/b> Arnaldo dos Santos Amaral<\/p>\n<p class=\"Normal\"><b>Vice-Diretora:<\/b> Maria do Socorro Carvalho dos Santos<\/p>\n<p class=\"Normal\"><br><\/p>\n<p><\/p>\n<p class=\"Normal\"><strong><span class=\"tm5\">5. DIRETORIA DE M\u00daSICA:<\/span><\/strong><\/p>\n<p class=\"Normal\"><b>Diretor:<\/b> Joel de Melo Moura<\/p>\n<p class=\"Normal\"><b>Vice-Diretor: <\/b>Giordanno Haidar dos Santos<\/p>\n<p class=\"Normal\"><br><\/p>\n<p><\/p>\n<p class=\"Normal\"><strong><span class=\"tm5\">6. DIRETORIA DE CELEBRA\u00c7\u00c3O E COMUNICA\u00c7\u00c3O:<\/span><\/strong><\/p>\n<p class=\"Normal\"><b>Diretora:<\/b> Layone Rachel Silva Holanda<\/p>\n<p class=\"Normal\"><b>Vice-Diretora:<\/b> Milena Andrade Bernardo<\/p>\n<p><\/p>\n<p class=\"Normal\"><strong><span class=\"tm5\">Programa:<\/span><\/strong><\/p>\n<p class=\"Normal\">Layone Rachel Silva Holanda<\/p>\n<p class=\"Normal\">Milena Andrade Bernardo<\/p>\n<p><\/p>\n<p class=\"Normal\"><strong><span class=\"tm5\">Ornamenta\u00e7\u00e3o:<\/span><\/strong><\/p>\n<p class=\"Normal\">Ceila da Silva Nova<\/p>\n<p class=\"Normal\">Milena Andrade Bernardo<\/p>\n<p><\/p>\n<p class=\"Normal\"><strong><span class=\"tm5\">Acolher:<\/span><\/strong><\/p>\n<p class=\"Normal\">Mirian Ana de Brito Fontenele<\/p>\n<p class=\"Normal\"><br><\/p>\n<p><\/p>\n<p class=\"Normal\"><strong><span class=\"tm5\">7. DIRETORIA DE ATIVIDADES ESPECIAIS E CRESCIMENTO CRIST\u00c3O:<\/span><\/strong><\/p>\n<p class=\"Normal\"><b>Diretora: <\/b>Maria de Lourdes Veras de Macedo Sousa<\/p>\n<p class=\"Normal\"><br><\/p>\n<p><\/p>\n<p class=\"Normal\"><strong><span class=\"tm5\">8. ESCOLA DE FORMA\u00c7\u00c3O B\u00cdBLICA &#8211; EFB<\/span><\/strong><\/p>\n<p class=\"Normal\"><b>Diretora: <\/b>Monika de Carvalho Sousa<\/p>\n<p class=\"Normal\"><b>Primeira Secret\u00e1ria:<\/b> Antonia Pereira do Nascimento<\/p>\n<p class=\"Normal\"><b>Segunda Secret\u00e1ria:&nbsp;<\/b>Elane da Costa Mon\u00e7\u00e3o<\/p>\n<p class=\"Normal\">\n<\/p>\t\t\t\t\t\t<\/div>\n\t\t\t\t<\/div>\n\t\t\t\t<\/div>\n\t\t\t\t\t<\/div>\n\t\t\t\t<\/div>\n\t\t\t\t\t\t\t<\/div>\n\t\t","protected":false},"excerpt":{"rendered":"<p>DIRETORIA CONSELHO ADMINISTRATIVO: DIRETORIAS E DEPARTAMENTOS. &nbsp; 1. DIRETORIA EXECUTIVA Presidente: Vicente Barbosa de Sousa Vice Presidente: Ezequiel Ribeiro da Costa Primeira Secret\u00e1ria: Monika de Carvalho Sousa Segunda Secret\u00e1ria: Leilane Lopes Cavalcante Primeiro Tesoureiro: Glenyo Werton Benedito Lacerda Segundo Tesoureiro: Joel de Melo Moura 2. CONSELHO FISCAL: Presidente: Mirian Ana de Brito Fontenele Relatora: Elane [&hellip;]<\/p>\n","protected":false},"author":1,"featured_media":0,"parent":0,"menu_order":0,"comment_status":"closed","ping_status":"closed","template":"","meta":[],"bairros":[],"_links":{"self":[{"href":"https:\/\/ibavancar.com\/index.php\/wp-json\/wp\/v2\/pages\/1451"}],"collection":[{"href":"https:\/\/ibavancar.com\/index.php\/wp-json\/wp\/v2\/pages"}],"about":[{"href":"https:\/\/ibavancar.com\/index.php\/wp-json\/wp\/v2\/types\/page"}],"author":[{"embeddable":true,"href":"https:\/\/ibavancar.com\/index.php\/wp-json\/wp\/v2\/users\/1"}],"replies":[{"embeddable":true,"href":"https:\/\/ibavancar.com\/index.php\/wp-json\/wp\/v2\/comments?post=1451"}],"version-history":[{"count":31,"href":"https:\/\/ibavancar.com\/index.php\/wp-json\/wp\/v2\/pages\/1451\/revisions"}],"predecessor-version":[{"id":2721,"href":"https:\/\/ibavancar.com\/index.php\/wp-json\/wp\/v2\/pages\/1451\/revisions\/2721"}],"wp:attachment":[{"href":"https:\/\/ibavancar.com\/index.php\/wp-json\/wp\/v2\/media?parent=1451"}],"wp:term":[{"taxonomy":"bairros","embeddable":true,"href":"https:\/\/ibavancar.com\/index.php\/wp-json\/wp\/v2\/bairros?post=1451"}],"curies":[{"name":"wp","href":"https:\/\/api.w.org\/{rel}","templated":true}]}}

<div data-elementor-type="wp-page" data-elementor-id="1451" class="elementor elementor-1451">
							<div class="elementor-element elementor-element-7998c78 e-con-boxed e-flex e-con" data-id="7998c78" data-element_type="container" data-settings="{&quot;background_background&quot;:&quot;classic&quot;,&quot;content_width&quot;:&quot;boxed&quot;}">
					<div class="e-con-inner">
				<div class="elementor-element elementor-element-bdc783b elementor-widget elementor-widget-heading" data-id="bdc783b" data-element_type="widget" data-widget_type="heading.default">
				<div class="elementor-widget-container">
			<style>/*! elementor - v3.13.3 - 22-05-2023 */
.elementor-heading-title{padding:0;margin:0;line-height:1}.elementor-widget-heading .elementor-heading-title[class*=elementor-size-]>a{color:inherit;font-size:inherit;line-height:inherit}.elementor-widget-heading .elementor-heading-title.elementor-size-small{font-size:15px}.elementor-widget-heading .elementor-heading-title.elementor-size-medium{font-size:19px}.elementor-widget-heading .elementor-heading-title.elementor-size-large{font-size:29px}.elementor-widget-heading .elementor-heading-title.elementor-size-xl{font-size:39px}.elementor-widget-heading .elementor-heading-title.elementor-size-xxl{font-size:59px}</style><h2 class="elementor-heading-title elementor-size-default">DIRETORIA</h2>		</div>
				</div>
				<div class="elementor-element elementor-element-4ae2c80 elementor-widget-divider--separator-type-pattern elementor-widget-divider--view-line elementor-widget elementor-widget-divider" data-id="4ae2c80" data-element_type="widget" data-widget_type="divider.default">
				<div class="elementor-widget-container">
			<style>/*! elementor - v3.13.3 - 22-05-2023 */
.elementor-widget-divider{--divider-border-style:none;--divider-border-width:1px;--divider-color:#0c0d0e;--divider-icon-size:20px;--divider-element-spacing:10px;--divider-pattern-height:24px;--divider-pattern-size:20px;--divider-pattern-url:none;--divider-pattern-repeat:repeat-x}.elementor-widget-divider .elementor-divider{display:flex}.elementor-widget-divider .elementor-divider__text{font-size:15px;line-height:1;max-width:95%}.elementor-widget-divider .elementor-divider__element{margin:0 var(--divider-element-spacing);flex-shrink:0}.elementor-widget-divider .elementor-icon{font-size:var(--divider-icon-size)}.elementor-widget-divider .elementor-divider-separator{display:flex;margin:0;direction:ltr}.elementor-widget-divider--view-line_icon .elementor-divider-separator,.elementor-widget-divider--view-line_text .elementor-divider-separator{align-items:center}.elementor-widget-divider--view-line_icon .elementor-divider-separator:after,.elementor-widget-divider--view-line_icon .elementor-divider-separator:before,.elementor-widget-divider--view-line_text .elementor-divider-separator:after,.elementor-widget-divider--view-line_text .elementor-divider-separator:before{display:block;content:"";border-bottom:0;flex-grow:1;border-top:var(--divider-border-width) var(--divider-border-style) var(--divider-color)}.elementor-widget-divider--element-align-left .elementor-divider .elementor-divider-separator>.elementor-divider__svg:first-of-type{flex-grow:0;flex-shrink:100}.elementor-widget-divider--element-align-left .elementor-divider-separator:before{content:none}.elementor-widget-divider--element-align-left .elementor-divider__element{margin-left:0}.elementor-widget-divider--element-align-right .elementor-divider .elementor-divider-separator>.elementor-divider__svg:last-of-type{flex-grow:0;flex-shrink:100}.elementor-widget-divider--element-align-right .elementor-divider-separator:after{content:none}.elementor-widget-divider--element-align-right .elementor-divider__element{margin-right:0}.elementor-widget-divider:not(.elementor-widget-divider--view-line_text):not(.elementor-widget-divider--view-line_icon) .elementor-divider-separator{border-top:var(--divider-border-width) var(--divider-border-style) var(--divider-color)}.elementor-widget-divider--separator-type-pattern{--divider-border-style:none}.elementor-widget-divider--separator-type-pattern.elementor-widget-divider--view-line .elementor-divider-separator,.elementor-widget-divider--separator-type-pattern:not(.elementor-widget-divider--view-line) .elementor-divider-separator:after,.elementor-widget-divider--separator-type-pattern:not(.elementor-widget-divider--view-line) .elementor-divider-separator:before,.elementor-widget-divider--separator-type-pattern:not([class*=elementor-widget-divider--view]) .elementor-divider-separator{width:100%;min-height:var(--divider-pattern-height);-webkit-mask-size:var(--divider-pattern-size) 100%;mask-size:var(--divider-pattern-size) 100%;-webkit-mask-repeat:var(--divider-pattern-repeat);mask-repeat:var(--divider-pattern-repeat);background-color:var(--divider-color);-webkit-mask-image:var(--divider-pattern-url);mask-image:var(--divider-pattern-url)}.elementor-widget-divider--no-spacing{--divider-pattern-size:auto}.elementor-widget-divider--bg-round{--divider-pattern-repeat:round}.rtl .elementor-widget-divider .elementor-divider__text{direction:rtl}.e-con-inner>.elementor-widget-divider,.e-con>.elementor-widget-divider{width:var(--container-widget-width,100%);--flex-grow:var(--container-widget-flex-grow)}</style>		<div class="elementor-divider" style="--divider-pattern-url: url(&quot;data:image/svg+xml,%3Csvg xmlns=&#039;http://www.w3.org/2000/svg&#039; preserveAspectRatio=&#039;none&#039; overflow=&#039;visible&#039; height=&#039;100%&#039; viewBox=&#039;0 0 24 24&#039; fill=&#039;black&#039; stroke=&#039;none&#039;%3E%3Cpolygon points=&#039;9.4,2 24,2 14.6,21.6 0,21.6&#039;/%3E%3C/svg%3E&quot;);">
			<span class="elementor-divider-separator">
						</span>
		</div>
				</div>
				</div>
		<div class="elementor-element elementor-element-e20417f e-con-full e-flex e-con" data-id="e20417f" data-element_type="container" data-settings="{&quot;content_width&quot;:&quot;full&quot;,&quot;background_background&quot;:&quot;classic&quot;}">
				<div class="elementor-element elementor-element-3931120 elementor-widget elementor-widget-text-editor" data-id="3931120" data-element_type="widget" data-widget_type="text-editor.default">
				<div class="elementor-widget-container">
			<style>/*! elementor - v3.13.3 - 22-05-2023 */
.elementor-widget-text-editor.elementor-drop-cap-view-stacked .elementor-drop-cap{background-color:#69727d;color:#fff}.elementor-widget-text-editor.elementor-drop-cap-view-framed .elementor-drop-cap{color:#69727d;border:3px solid;background-color:transparent}.elementor-widget-text-editor:not(.elementor-drop-cap-view-default) .elementor-drop-cap{margin-top:8px}.elementor-widget-text-editor:not(.elementor-drop-cap-view-default) .elementor-drop-cap-letter{width:1em;height:1em}.elementor-widget-text-editor .elementor-drop-cap{float:left;text-align:center;line-height:1;font-size:50px}.elementor-widget-text-editor .elementor-drop-cap-letter{display:inline-block}</style>				<p class="Normal"><span class="tm5">CONSELHO</span><strong><span class="tm5"> ADMINISTRATIVO: DIRETORIAS E DEPARTAMENTOS.</span></strong></p>
<p class="Normal"><strong><span class="tm5">&nbsp;</span></strong></p>
<p class="Normal"><strong><span class="tm5">1. DIRETORIA EXECUTIVA</span></strong></p>
<p class="Normal"><b>Presidente:</b> Vicente Barbosa de Sousa</p>
<p class="Normal"><b>Vice Presidente:</b> Ezequiel Ribeiro da Costa</p>
<p class="Normal"><b>Primeira Secretária:</b> Monika de Carvalho Sousa</p>
<p class="Normal"><b>Segunda Secretária:</b> Leilane Lopes Cavalcante</p>
<p class="Normal"><b>Primeiro Tesoureiro:</b> Glenyo Werton Benedito Lacerda</p>
<p class="Normal"><b>Segundo Tesoureiro:</b> Joel de Melo Moura</p>
<p class="Normal"><br></p>
<p class="Normal">
</p><p class="Normal"><strong><span class="tm5">2. CONSELHO FISCAL: </span></strong></p>
<p class="Normal"><b>Presidente:</b> Mirian Ana de Brito Fontenele</p>
<p class="Normal"><b>Relatora:</b> Elane da Costa Monção</p>
<p class="Normal"><b>Membro: </b>Lucas Danillo Lima Marques</p>
<p class="Normal"><b>Suplente:</b> Rafael Costa Carvalho</p>
<p class="Normal"><br></p>
<p class="Normal">
</p><p class="Normal"><strong><span class="tm5">3. DIRETORIA FINANCEIRA, PESSOAL E PATRIMÔNIO</span></strong></p>
<p class="Normal"><b>Diretor:</b> Antonio Rodrigues de Moura</p>
<p class="Normal"><b>Vice-Diretor:</b> Reginaldo Ferreira de Moraes</p>
<p></p>
<p class="Normal"><strong><span class="tm5">Membros Departamento de Finanças:</span></strong></p>
<p class="Normal">Antonio Rodrigues de Moura</p>
<p class="Normal">Istélia Carline Carvalho Sampaio</p>
<p class="Normal">Karytta Karolynne da costa Rêgo</p>
<p></p>
<p class="Normal"><strong><span class="tm5">Membros Departamento de Patrimônio:</span></strong></p>
<p class="Normal">Reginaldo Ferreira de Moraes</p>
<p class="Normal">Luís Carlos de Oliveira</p>
<p class="Normal">Francisco Wagner Carvalho da Silva</p>
<p class="Normal">Fred Mendonça Brasil Júnior</p>
<p class="Normal"><br></p>
<p></p>
<p class="Normal"><strong><span class="tm5">4. DIRETORIA DE PROJETO ASSISTENCIAIS</span></strong></p>
<p class="Normal"><b>Diretor:</b> Arnaldo dos Santos Amaral</p>
<p class="Normal"><b>Vice-Diretora:</b> Maria do Socorro Carvalho dos Santos</p>
<p class="Normal"><br></p>
<p></p>
<p class="Normal"><strong><span class="tm5">5. DIRETORIA DE MÚSICA:</span></strong></p>
<p class="Normal"><b>Diretor:</b> Joel de Melo Moura</p>
<p class="Normal"><b>Vice-Diretor: </b>Giordanno Haidar dos Santos</p>
<p class="Normal"><br></p>
<p></p>
<p class="Normal"><strong><span class="tm5">6. DIRETORIA DE CELEBRAÇÃO E COMUNICAÇÃO:</span></strong></p>
<p class="Normal"><b>Diretora:</b> Layone Rachel Silva Holanda</p>
<p class="Normal"><b>Vice-Diretora:</b> Milena Andrade Bernardo</p>
<p></p>
<p class="Normal"><strong><span class="tm5">Programa:</span></strong></p>
<p class="Normal">Layone Rachel Silva Holanda</p>
<p class="Normal">Milena Andrade Bernardo</p>
<p></p>
<p class="Normal"><strong><span class="tm5">Ornamentação:</span></strong></p>
<p class="Normal">Ceila da Silva Nova</p>
<p class="Normal">Milena Andrade Bernardo</p>
<p></p>
<p class="Normal"><strong><span class="tm5">Acolher:</span></strong></p>
<p class="Normal">Mirian Ana de Brito Fontenele</p>
<p class="Normal"><br></p>
<p></p>
<p class="Normal"><strong><span class="tm5">7. DIRETORIA DE ATIVIDADES ESPECIAIS E CRESCIMENTO CRISTÃO:</span></strong></p>
<p class="Normal"><b>Diretora: </b>Maria de Lourdes Veras de Macedo Sousa</p>
<p class="Normal"><br></p>
<p></p>
<p class="Normal"><strong><span class="tm5">8. ESCOLA DE FORMAÇÃO BÍBLICA &#8211; EFB</span></strong></p>
<p class="Normal"><b>Diretora: </b>Monika de Carvalho Sousa</p>
<p class="Normal"><b>Primeira Secretária:</b> Antonia Pereira do Nascimento</p>
<p class="Normal"><b>Segunda Secretária:&nbsp;</b>Elane da Costa Monção</p>
<p class="Normal">
</p>						</div>
				</div>
				</div>
					</div>
				</div>
							</div>

<p>DIRETORIA CONSELHO ADMINISTRATIVO: DIRETORIAS E DEPARTAMENTOS. &nbsp; 1. DIRETORIA EXECUTIVA Presidente: Vicente Barbosa de Sousa Vice Presidente: Ezequiel Ribeiro da Costa Primeira Secretária: Monika de Carvalho Sousa Segunda Secretária: Leilane Lopes Cavalcante Primeiro Tesoureiro: Glenyo Werton Benedito Lacerda Segundo Tesoureiro: Joel de Melo Moura 2. CONSELHO FISCAL: Presidente: Mirian Ana de Brito Fontenele Relatora: Elane [&hellip;]</p>
