{"id":2612,"date":"2023-06-28T20:13:55","date_gmt":"2023-06-28T23:13:55","guid":{"rendered":"https:\/\/ibavancar.com\/?page_id=2612"},"modified":"2023-06-29T07:34:21","modified_gmt":"2023-06-29T10:34:21","slug":"jovens","status":"publish","type":"page","link":"https:\/\/ibavancar.com\/index.php\/jovens\/","title":{"rendered":"Jovens"},"content":{"rendered":"\t\t<div data-elementor-type=\"wp-page\" data-elementor-id=\"2612\" class=\"elementor elementor-2612\">\n\t\t\t\t\t\t\t<div class=\"elementor-element elementor-element-d8bcb4e e-con-boxed e-flex e-con\" data-id=\"d8bcb4e\" data-element_type=\"container\" data-settings=\"{&quot;background_background&quot;:&quot;classic&quot;,&quot;content_width&quot;:&quot;boxed&quot;}\">\n\t\t\t\t\t<div class=\"e-con-inner\">\n\t\t<div class=\"elementor-element elementor-element-a11393d e-con-full e-flex e-con\" data-id=\"a11393d\" data-element_type=\"container\" data-settings=\"{&quot;content_width&quot;:&quot;full&quot;,&quot;background_background&quot;:&quot;classic&quot;}\">\n\t\t\t\t<div class=\"elementor-element elementor-element-ec76f07 elementor-widget elementor-widget-heading\" data-id=\"ec76f07\" data-element_type=\"widget\" data-widget_type=\"heading.default\">\n\t\t\t\t<div class=\"elementor-widget-container\">\n\t\t\t<style>\/*! elementor - v3.13.3 - 22-05-2023 *\/\n.elementor-heading-title{padding:0;margin:0;line-height:1}.elementor-widget-heading .elementor-heading-title[class*=elementor-size-]>a{color:inherit;font-size:inherit;line-height:inherit}.elementor-widget-heading .elementor-heading-title.elementor-size-small{font-size:15px}.elementor-widget-heading .elementor-heading-title.elementor-size-medium{font-size:19px}.elementor-widget-heading .elementor-heading-title.elementor-size-large{font-size:29px}.elementor-widget-heading .elementor-heading-title.elementor-size-xl{font-size:39px}.elementor-widget-heading .elementor-heading-title.elementor-size-xxl{font-size:59px}<\/style><h2 class=\"elementor-heading-title elementor-size-default\">MINIST\u00c9RIO DE JOVENS E ADOLESCENTES<\/h2>\t\t<\/div>\n\t\t\t\t<\/div>\n\t\t\t\t<div class=\"elementor-element elementor-element-a51d992 elementor-widget elementor-widget-text-editor\" data-id=\"a51d992\" data-element_type=\"widget\" data-widget_type=\"text-editor.default\">\n\t\t\t\t<div class=\"elementor-widget-container\">\n\t\t\t<style>\/*! elementor - v3.13.3 - 22-05-2023 *\/\n.elementor-widget-text-editor.elementor-drop-cap-view-stacked .elementor-drop-cap{background-color:#69727d;color:#fff}.elementor-widget-text-editor.elementor-drop-cap-view-framed .elementor-drop-cap{color:#69727d;border:3px solid;background-color:transparent}.elementor-widget-text-editor:not(.elementor-drop-cap-view-default) .elementor-drop-cap{margin-top:8px}.elementor-widget-text-editor:not(.elementor-drop-cap-view-default) .elementor-drop-cap-letter{width:1em;height:1em}.elementor-widget-text-editor .elementor-drop-cap{float:left;text-align:center;line-height:1;font-size:50px}.elementor-widget-text-editor .elementor-drop-cap-letter{display:inline-block}<\/style>\t\t\t\t<p class=\"tm7\">O <strong><span class=\"tm8\">Minist\u00e9rio de Jovens e Adolescentes da IBA<\/span><\/strong> trabalha com a vis\u00e3o de relacionamento e tem como objetivo central desenvolver conex\u00f5es significativas entre os jovens e adolescentes, fortalecer suas rela\u00e7\u00f5es interpessoais e promover um ambiente de amor, cuidado e comunh\u00e3o.<\/p><p class=\"tm7\"><strong><span class=\"tm8\">A\u00c7\u00d5ES:<\/span><\/strong><\/p><p class=\"tm7\"><strong><span class=\"tm8\">Grupos de Discipulado:<\/span><\/strong> O minist\u00e9rio promove a forma\u00e7\u00e3o de pequenos grupos de relacionamento entre os jovens. Esses grupos se re\u00fanem regularmente para compartilhar experi\u00eancias, orar uns pelos outros, estudar a B\u00edblia e discutir quest\u00f5es relevantes para a vida dos jovens e adolescentes. Esses grupos proporcionam um ambiente seguro e acolhedor para o compartilhamento de desafios, vit\u00f3rias e crescimento espiritual.<\/p><p class=\"tm7\"><strong><span class=\"tm8\">Encontros de comunh\u00e3o e celebra\u00e7\u00e3o:<\/span><\/strong> O Minist\u00e9rio realiza encontros de comunh\u00e3o e celebra\u00e7\u00e3o, como cultos, eventos tem\u00e1ticos, festas, retiros ou acampamentos. Esses momentos proporcionam aos jovens e adolescentes a oportunidade de se conectarem uns com os outros, louvar e adorar a Deus juntos, al\u00e9m de se divertirem e compartilharem momentos de alegria e amizade.<\/p><p class=\"tm7\"><strong><span class=\"tm8\">Mentoria e discipulado:<\/span><\/strong> Promove de mentoria e o discipulado entre os jovens e adolescentes. Os mais experientes e maduros na f\u00e9 s\u00e3o convidados a serem mentores e acompanharem outros Jovens e Adolescentes em sua caminhada crist\u00e3. Esse relacionamento de mentoria visa encorajar, aconselhar, compartilhar experi\u00eancias e ajudar os a crescerem em sua f\u00e9 e relacionamento com Deus.<\/p><p class=\"tm7\"><strong><span class=\"tm8\">Eventos de integra\u00e7\u00e3o intergeracional:<\/span><\/strong> O minist\u00e9rio busca criar oportunidades de integra\u00e7\u00e3o entre os jovens e adolescentes e outras faixas et\u00e1rias da igreja. Isso pode incluir a participa\u00e7\u00e3o dos jovens em atividades, projetos ou eventos organizados por outros minist\u00e9rios, promovendo a troca de experi\u00eancias, o aprendizado m\u00fatuo e o fortalecimento dos la\u00e7os de comunh\u00e3o e relacionamento dentro da igreja.<\/p><p class=\"tm7\"><strong><span class=\"tm8\">Grupos de ora\u00e7\u00e3o e intercess\u00e3o:<\/span><\/strong> O minist\u00e9rio incentiva a pr\u00e1tica da ora\u00e7\u00e3o e intercess\u00e3o entre os jovens e adolescentes. Podendo serem organizados grupos de ora\u00e7\u00e3o espec\u00edficos, nos quais eles podem compartilhar pedidos de ora\u00e7\u00e3o, interceder uns pelos outros e buscar a dire\u00e7\u00e3o de Deus em suas vidas. Esses momentos de ora\u00e7\u00e3o fortalecem a comunh\u00e3o e a espiritualidade dos jovens e adolescentes.<\/p><p class=\"tm7\"><strong><span class=\"tm8\">Desenvolvimento de habilidades e talentos:<\/span><\/strong> O minist\u00e9rio oferece oportunidades para os jovens e adolescentes desenvolverem suas habilidades e talentos nas \u00e1reas de m\u00fasica, dan\u00e7a, teatro, lideran\u00e7a, comunica\u00e7\u00e3o, m\u00eddia, entre outras. Essas atividades permitem que os jovens descubram e utilizem seus dons para servir a Deus e contribuir para a edifica\u00e7\u00e3o da igreja.<\/p><p class=\"tm7\"><span class=\"tm11\">Se desejar aben\u00e7oar este minist\u00e9rio, voc\u00ea poder\u00e1 contribuir atrav\u00e9s de nossa chave PIX: <\/span><u><a href=\"mailto:mulheres@ibavancar.com\"><span class=\"tm11\">jovens@ibavancar.com<\/span><\/a><\/u><\/p>\t\t\t\t\t\t<\/div>\n\t\t\t\t<\/div>\n\t\t\t\t<\/div>\n\t\t\t\t\t<\/div>\n\t\t\t\t<\/div>\n\t\t\t\t\t\t\t<\/div>\n\t\t","protected":false},"excerpt":{"rendered":"<p>MINIST\u00c9RIO DE JOVENS E ADOLESCENTES O Minist\u00e9rio de Jovens e Adolescentes da IBA trabalha com a vis\u00e3o de relacionamento e tem como objetivo central desenvolver conex\u00f5es significativas entre os jovens e adolescentes, fortalecer suas rela\u00e7\u00f5es interpessoais e promover um ambiente de amor, cuidado e comunh\u00e3o. A\u00c7\u00d5ES: Grupos de Discipulado: O minist\u00e9rio promove a forma\u00e7\u00e3o de [&hellip;]<\/p>\n","protected":false},"author":1,"featured_media":0,"parent":0,"menu_order":0,"comment_status":"closed","ping_status":"closed","template":"","meta":[],"bairros":[],"_links":{"self":[{"href":"https:\/\/ibavancar.com\/index.php\/wp-json\/wp\/v2\/pages\/2612"}],"collection":[{"href":"https:\/\/ibavancar.com\/index.php\/wp-json\/wp\/v2\/pages"}],"about":[{"href":"https:\/\/ibavancar.com\/index.php\/wp-json\/wp\/v2\/types\/page"}],"author":[{"embeddable":true,"href":"https:\/\/ibavancar.com\/index.php\/wp-json\/wp\/v2\/users\/1"}],"replies":[{"embeddable":true,"href":"https:\/\/ibavancar.com\/index.php\/wp-json\/wp\/v2\/comments?post=2612"}],"version-history":[{"count":13,"href":"https:\/\/ibavancar.com\/index.php\/wp-json\/wp\/v2\/pages\/2612\/revisions"}],"predecessor-version":[{"id":2685,"href":"https:\/\/ibavancar.com\/index.php\/wp-json\/wp\/v2\/pages\/2612\/revisions\/2685"}],"wp:attachment":[{"href":"https:\/\/ibavancar.com\/index.php\/wp-json\/wp\/v2\/media?parent=2612"}],"wp:term":[{"taxonomy":"bairros","embeddable":true,"href":"https:\/\/ibavancar.com\/index.php\/wp-json\/wp\/v2\/bairros?post=2612"}],"curies":[{"name":"wp","href":"https:\/\/api.w.org\/{rel}","templated":true}]}}

<div data-elementor-type="wp-page" data-elementor-id="2612" class="elementor elementor-2612">
							<div class="elementor-element elementor-element-d8bcb4e e-con-boxed e-flex e-con" data-id="d8bcb4e" data-element_type="container" data-settings="{&quot;background_background&quot;:&quot;classic&quot;,&quot;content_width&quot;:&quot;boxed&quot;}">
					<div class="e-con-inner">
		<div class="elementor-element elementor-element-a11393d e-con-full e-flex e-con" data-id="a11393d" data-element_type="container" data-settings="{&quot;content_width&quot;:&quot;full&quot;,&quot;background_background&quot;:&quot;classic&quot;}">
				<div class="elementor-element elementor-element-ec76f07 elementor-widget elementor-widget-heading" data-id="ec76f07" data-element_type="widget" data-widget_type="heading.default">
				<div class="elementor-widget-container">
			<style>/*! elementor - v3.13.3 - 22-05-2023 */
.elementor-heading-title{padding:0;margin:0;line-height:1}.elementor-widget-heading .elementor-heading-title[class*=elementor-size-]>a{color:inherit;font-size:inherit;line-height:inherit}.elementor-widget-heading .elementor-heading-title.elementor-size-small{font-size:15px}.elementor-widget-heading .elementor-heading-title.elementor-size-medium{font-size:19px}.elementor-widget-heading .elementor-heading-title.elementor-size-large{font-size:29px}.elementor-widget-heading .elementor-heading-title.elementor-size-xl{font-size:39px}.elementor-widget-heading .elementor-heading-title.elementor-size-xxl{font-size:59px}</style><h2 class="elementor-heading-title elementor-size-default">MINISTÉRIO DE JOVENS E ADOLESCENTES</h2>		</div>
				</div>
				<div class="elementor-element elementor-element-a51d992 elementor-widget elementor-widget-text-editor" data-id="a51d992" data-element_type="widget" data-widget_type="text-editor.default">
				<div class="elementor-widget-container">
			<style>/*! elementor - v3.13.3 - 22-05-2023 */
.elementor-widget-text-editor.elementor-drop-cap-view-stacked .elementor-drop-cap{background-color:#69727d;color:#fff}.elementor-widget-text-editor.elementor-drop-cap-view-framed .elementor-drop-cap{color:#69727d;border:3px solid;background-color:transparent}.elementor-widget-text-editor:not(.elementor-drop-cap-view-default) .elementor-drop-cap{margin-top:8px}.elementor-widget-text-editor:not(.elementor-drop-cap-view-default) .elementor-drop-cap-letter{width:1em;height:1em}.elementor-widget-text-editor .elementor-drop-cap{float:left;text-align:center;line-height:1;font-size:50px}.elementor-widget-text-editor .elementor-drop-cap-letter{display:inline-block}</style>				<p class="tm7">O <strong><span class="tm8">Ministério de Jovens e Adolescentes da IBA</span></strong> trabalha com a visão de relacionamento e tem como objetivo central desenvolver conexões significativas entre os jovens e adolescentes, fortalecer suas relações interpessoais e promover um ambiente de amor, cuidado e comunhão.</p><p class="tm7"><strong><span class="tm8">AÇÕES:</span></strong></p><p class="tm7"><strong><span class="tm8">Grupos de Discipulado:</span></strong> O ministério promove a formação de pequenos grupos de relacionamento entre os jovens. Esses grupos se reúnem regularmente para compartilhar experiências, orar uns pelos outros, estudar a Bíblia e discutir questões relevantes para a vida dos jovens e adolescentes. Esses grupos proporcionam um ambiente seguro e acolhedor para o compartilhamento de desafios, vitórias e crescimento espiritual.</p><p class="tm7"><strong><span class="tm8">Encontros de comunhão e celebração:</span></strong> O Ministério realiza encontros de comunhão e celebração, como cultos, eventos temáticos, festas, retiros ou acampamentos. Esses momentos proporcionam aos jovens e adolescentes a oportunidade de se conectarem uns com os outros, louvar e adorar a Deus juntos, além de se divertirem e compartilharem momentos de alegria e amizade.</p><p class="tm7"><strong><span class="tm8">Mentoria e discipulado:</span></strong> Promove de mentoria e o discipulado entre os jovens e adolescentes. Os mais experientes e maduros na fé são convidados a serem mentores e acompanharem outros Jovens e Adolescentes em sua caminhada cristã. Esse relacionamento de mentoria visa encorajar, aconselhar, compartilhar experiências e ajudar os a crescerem em sua fé e relacionamento com Deus.</p><p class="tm7"><strong><span class="tm8">Eventos de integração intergeracional:</span></strong> O ministério busca criar oportunidades de integração entre os jovens e adolescentes e outras faixas etárias da igreja. Isso pode incluir a participação dos jovens em atividades, projetos ou eventos organizados por outros ministérios, promovendo a troca de experiências, o aprendizado mútuo e o fortalecimento dos laços de comunhão e relacionamento dentro da igreja.</p><p class="tm7"><strong><span class="tm8">Grupos de oração e intercessão:</span></strong> O ministério incentiva a prática da oração e intercessão entre os jovens e adolescentes. Podendo serem organizados grupos de oração específicos, nos quais eles podem compartilhar pedidos de oração, interceder uns pelos outros e buscar a direção de Deus em suas vidas. Esses momentos de oração fortalecem a comunhão e a espiritualidade dos jovens e adolescentes.</p><p class="tm7"><strong><span class="tm8">Desenvolvimento de habilidades e talentos:</span></strong> O ministério oferece oportunidades para os jovens e adolescentes desenvolverem suas habilidades e talentos nas áreas de música, dança, teatro, liderança, comunicação, mídia, entre outras. Essas atividades permitem que os jovens descubram e utilizem seus dons para servir a Deus e contribuir para a edificação da igreja.</p><p class="tm7"><span class="tm11">Se desejar abençoar este ministério, você poderá contribuir através de nossa chave PIX: </span><u><a href="mailto:mulheres@ibavancar.com"><span class="tm11">jovens@ibavancar.com</span></a></u></p>						</div>
				</div>
				</div>
					</div>
				</div>
							</div>

<p>MINISTÉRIO DE JOVENS E ADOLESCENTES O Ministério de Jovens e Adolescentes da IBA trabalha com a visão de relacionamento e tem como objetivo central desenvolver conexões significativas entre os jovens e adolescentes, fortalecer suas relações interpessoais e promover um ambiente de amor, cuidado e comunhão. AÇÕES: Grupos de Discipulado: O ministério promove a formação de [&hellip;]</p>
