{"id":2649,"date":"2023-06-28T20:32:36","date_gmt":"2023-06-28T23:32:36","guid":{"rendered":"https:\/\/ibavancar.com\/?page_id=2649"},"modified":"2023-06-28T20:33:44","modified_gmt":"2023-06-28T23:33:44","slug":"midia","status":"publish","type":"page","link":"https:\/\/ibavancar.com\/index.php\/midia\/","title":{"rendered":"M\u00eddia"},"content":{"rendered":"\t\t<div data-elementor-type=\"wp-page\" data-elementor-id=\"2649\" class=\"elementor elementor-2649\">\n\t\t\t\t\t\t\t<div class=\"elementor-element elementor-element-d8bcb4e e-con-boxed e-flex e-con\" data-id=\"d8bcb4e\" data-element_type=\"container\" data-settings=\"{&quot;background_background&quot;:&quot;classic&quot;,&quot;content_width&quot;:&quot;boxed&quot;}\">\n\t\t\t\t\t<div class=\"e-con-inner\">\n\t\t<div class=\"elementor-element elementor-element-a11393d e-con-full e-flex e-con\" data-id=\"a11393d\" data-element_type=\"container\" data-settings=\"{&quot;content_width&quot;:&quot;full&quot;,&quot;background_background&quot;:&quot;classic&quot;}\">\n\t\t\t\t<div class=\"elementor-element elementor-element-ec76f07 elementor-widget elementor-widget-heading\" data-id=\"ec76f07\" data-element_type=\"widget\" data-widget_type=\"heading.default\">\n\t\t\t\t<div class=\"elementor-widget-container\">\n\t\t\t<style>\/*! elementor - v3.13.3 - 22-05-2023 *\/\n.elementor-heading-title{padding:0;margin:0;line-height:1}.elementor-widget-heading .elementor-heading-title[class*=elementor-size-]>a{color:inherit;font-size:inherit;line-height:inherit}.elementor-widget-heading .elementor-heading-title.elementor-size-small{font-size:15px}.elementor-widget-heading .elementor-heading-title.elementor-size-medium{font-size:19px}.elementor-widget-heading .elementor-heading-title.elementor-size-large{font-size:29px}.elementor-widget-heading .elementor-heading-title.elementor-size-xl{font-size:39px}.elementor-widget-heading .elementor-heading-title.elementor-size-xxl{font-size:59px}<\/style><h2 class=\"elementor-heading-title elementor-size-default\">MINIST\u00c9RIO DE M\u00cdDIA<\/h2>\t\t<\/div>\n\t\t\t\t<\/div>\n\t\t\t\t<div class=\"elementor-element elementor-element-a51d992 elementor-widget elementor-widget-text-editor\" data-id=\"a51d992\" data-element_type=\"widget\" data-widget_type=\"text-editor.default\">\n\t\t\t\t<div class=\"elementor-widget-container\">\n\t\t\t<style>\/*! elementor - v3.13.3 - 22-05-2023 *\/\n.elementor-widget-text-editor.elementor-drop-cap-view-stacked .elementor-drop-cap{background-color:#69727d;color:#fff}.elementor-widget-text-editor.elementor-drop-cap-view-framed .elementor-drop-cap{color:#69727d;border:3px solid;background-color:transparent}.elementor-widget-text-editor:not(.elementor-drop-cap-view-default) .elementor-drop-cap{margin-top:8px}.elementor-widget-text-editor:not(.elementor-drop-cap-view-default) .elementor-drop-cap-letter{width:1em;height:1em}.elementor-widget-text-editor .elementor-drop-cap{float:left;text-align:center;line-height:1;font-size:50px}.elementor-widget-text-editor .elementor-drop-cap-letter{display:inline-block}<\/style>\t\t\t\t<p class=\"tm6\">O <strong><span class=\"tm7\">Minist\u00e9rio de M\u00eddia da Igreja IBA<\/span><\/strong> tem a responsabilidade de lidar com as quest\u00f5es relacionadas \u00e0 comunica\u00e7\u00e3o, tecnologia e m\u00eddia da IBA.<\/p><p class=\"tm6\"><strong><span class=\"tm7\">ATRIBUI\u00c7\u00d5ES:<\/span><\/strong><\/p><p class=\"tm6\"><strong><span class=\"tm7\">Produ\u00e7\u00e3o de conte\u00fado: <\/span><\/strong>O minist\u00e9rio \u00e9 respons\u00e1vel pela produ\u00e7\u00e3o de conte\u00fado religioso, como v\u00eddeos, \u00e1udios, blogs, redes sociais e materiais impressos.<\/p><p class=\"tm6\"><strong><span class=\"tm7\">Transmiss\u00e3o e streaming:<\/span><\/strong> O minist\u00e9rio gerencia a transmiss\u00e3o ao vivo dos cultos e eventos da igreja, possibilitando que as pessoas acompanhem remotamente por meio de transmiss\u00f5es online ou em redes sociais. Isso inclui a configura\u00e7\u00e3o e opera\u00e7\u00e3o de equipamentos audiovisuais, transmiss\u00e3o de v\u00eddeo e \u00e1udio de alta qualidade e intera\u00e7\u00e3o com a comunidade online.<\/p><p class=\"tm6\"><strong><span class=\"tm7\">Gerenciamento de m\u00eddias sociais:<\/span><\/strong> O minist\u00e9rio administra as contas de m\u00eddia social da igreja, criando e compartilhando conte\u00fado relevante, promovendo eventos e divulgando informa\u00e7\u00f5es importantes. Isso inclui o uso estrat\u00e9gico de plataformas como Facebook, Instagram, Twitter, YouTube e outras.<\/p><p class=\"tm6\"><strong><span class=\"tm7\">Web design e manuten\u00e7\u00e3o:<\/span><\/strong> O minist\u00e9rio tamb\u00e9m \u00e9 respons\u00e1vel pela manuten\u00e7\u00e3o do site da igreja, garantindo que seja atualizado regularmente e que contenha informa\u00e7\u00f5es precisas sobre eventos, hor\u00e1rios de culto, programas, minist\u00e9rios e recursos adicionais. Isso pode envolver a cria\u00e7\u00e3o de um design atraente, a organiza\u00e7\u00e3o de conte\u00fado e a implementa\u00e7\u00e3o de recursos interativos.<\/p><p class=\"tm6\"><strong><span class=\"tm7\">Equipamentos e tecnologia:<\/span><\/strong> O minist\u00e9rio cuida da aquisi\u00e7\u00e3o, configura\u00e7\u00e3o e manuten\u00e7\u00e3o de equipamentos audiovisuais, como c\u00e2meras, ilumina\u00e7\u00e3o e proje\u00e7\u00e3o, bem como de softwares e aplicativos relacionados \u00e0 m\u00eddia e comunica\u00e7\u00e3o.<\/p><p class=\"tm6\"><strong><span class=\"tm7\">Publicidade e marketing:<\/span><\/strong> O minist\u00e9rio planeja e executa estrat\u00e9gias de publicidade e marketing para promover a igreja e seus eventos, utilizando canais de m\u00eddia tradicionais e digitais para alcan\u00e7ar um p\u00fablico mais amplo.<\/p><p class=\"tm6\"><strong><span class=\"tm7\">Coordena\u00e7\u00e3o t\u00e9cnica:<\/span><\/strong> o minist\u00e9rio tamb\u00e9m \u00e9 respons\u00e1vel pela coordena\u00e7\u00e3o dos aspectos t\u00e9cnicos da m\u00fasica durante os cultos. Isso pode incluir a utiliza\u00e7\u00e3o de equipamentos de som, proje\u00e7\u00e3o de letras de m\u00fasicas, mixagem de \u00e1udio e outros aspectos relacionados \u00e0 produ\u00e7\u00e3o musical.<\/p>\t\t\t\t\t\t<\/div>\n\t\t\t\t<\/div>\n\t\t\t\t<\/div>\n\t\t\t\t\t<\/div>\n\t\t\t\t<\/div>\n\t\t\t\t\t\t\t<\/div>\n\t\t","protected":false},"excerpt":{"rendered":"<p>MINIST\u00c9RIO DE M\u00cdDIA O Minist\u00e9rio de M\u00eddia da Igreja IBA tem a responsabilidade de lidar com as quest\u00f5es relacionadas \u00e0 comunica\u00e7\u00e3o, tecnologia e m\u00eddia da IBA. ATRIBUI\u00c7\u00d5ES: Produ\u00e7\u00e3o de conte\u00fado: O minist\u00e9rio \u00e9 respons\u00e1vel pela produ\u00e7\u00e3o de conte\u00fado religioso, como v\u00eddeos, \u00e1udios, blogs, redes sociais e materiais impressos. Transmiss\u00e3o e streaming: O minist\u00e9rio gerencia a [&hellip;]<\/p>\n","protected":false},"author":1,"featured_media":0,"parent":0,"menu_order":0,"comment_status":"closed","ping_status":"closed","template":"","meta":[],"bairros":[],"_links":{"self":[{"href":"https:\/\/ibavancar.com\/index.php\/wp-json\/wp\/v2\/pages\/2649"}],"collection":[{"href":"https:\/\/ibavancar.com\/index.php\/wp-json\/wp\/v2\/pages"}],"about":[{"href":"https:\/\/ibavancar.com\/index.php\/wp-json\/wp\/v2\/types\/page"}],"author":[{"embeddable":true,"href":"https:\/\/ibavancar.com\/index.php\/wp-json\/wp\/v2\/users\/1"}],"replies":[{"embeddable":true,"href":"https:\/\/ibavancar.com\/index.php\/wp-json\/wp\/v2\/comments?post=2649"}],"version-history":[{"count":7,"href":"https:\/\/ibavancar.com\/index.php\/wp-json\/wp\/v2\/pages\/2649\/revisions"}],"predecessor-version":[{"id":2656,"href":"https:\/\/ibavancar.com\/index.php\/wp-json\/wp\/v2\/pages\/2649\/revisions\/2656"}],"wp:attachment":[{"href":"https:\/\/ibavancar.com\/index.php\/wp-json\/wp\/v2\/media?parent=2649"}],"wp:term":[{"taxonomy":"bairros","embeddable":true,"href":"https:\/\/ibavancar.com\/index.php\/wp-json\/wp\/v2\/bairros?post=2649"}],"curies":[{"name":"wp","href":"https:\/\/api.w.org\/{rel}","templated":true}]}}

Mídia

<div data-elementor-type="wp-page" data-elementor-id="2649" class="elementor elementor-2649">
							<div class="elementor-element elementor-element-d8bcb4e e-con-boxed e-flex e-con" data-id="d8bcb4e" data-element_type="container" data-settings="{&quot;background_background&quot;:&quot;classic&quot;,&quot;content_width&quot;:&quot;boxed&quot;}">
					<div class="e-con-inner">
		<div class="elementor-element elementor-element-a11393d e-con-full e-flex e-con" data-id="a11393d" data-element_type="container" data-settings="{&quot;content_width&quot;:&quot;full&quot;,&quot;background_background&quot;:&quot;classic&quot;}">
				<div class="elementor-element elementor-element-ec76f07 elementor-widget elementor-widget-heading" data-id="ec76f07" data-element_type="widget" data-widget_type="heading.default">
				<div class="elementor-widget-container">
			<style>/*! elementor - v3.13.3 - 22-05-2023 */
.elementor-heading-title{padding:0;margin:0;line-height:1}.elementor-widget-heading .elementor-heading-title[class*=elementor-size-]>a{color:inherit;font-size:inherit;line-height:inherit}.elementor-widget-heading .elementor-heading-title.elementor-size-small{font-size:15px}.elementor-widget-heading .elementor-heading-title.elementor-size-medium{font-size:19px}.elementor-widget-heading .elementor-heading-title.elementor-size-large{font-size:29px}.elementor-widget-heading .elementor-heading-title.elementor-size-xl{font-size:39px}.elementor-widget-heading .elementor-heading-title.elementor-size-xxl{font-size:59px}</style><h2 class="elementor-heading-title elementor-size-default">MINISTÉRIO DE MÍDIA</h2>		</div>
				</div>
				<div class="elementor-element elementor-element-a51d992 elementor-widget elementor-widget-text-editor" data-id="a51d992" data-element_type="widget" data-widget_type="text-editor.default">
				<div class="elementor-widget-container">
			<style>/*! elementor - v3.13.3 - 22-05-2023 */
.elementor-widget-text-editor.elementor-drop-cap-view-stacked .elementor-drop-cap{background-color:#69727d;color:#fff}.elementor-widget-text-editor.elementor-drop-cap-view-framed .elementor-drop-cap{color:#69727d;border:3px solid;background-color:transparent}.elementor-widget-text-editor:not(.elementor-drop-cap-view-default) .elementor-drop-cap{margin-top:8px}.elementor-widget-text-editor:not(.elementor-drop-cap-view-default) .elementor-drop-cap-letter{width:1em;height:1em}.elementor-widget-text-editor .elementor-drop-cap{float:left;text-align:center;line-height:1;font-size:50px}.elementor-widget-text-editor .elementor-drop-cap-letter{display:inline-block}</style>				<p class="tm6">O <strong><span class="tm7">Ministério de Mídia da Igreja IBA</span></strong> tem a responsabilidade de lidar com as questões relacionadas à comunicação, tecnologia e mídia da IBA.</p><p class="tm6"><strong><span class="tm7">ATRIBUIÇÕES:</span></strong></p><p class="tm6"><strong><span class="tm7">Produção de conteúdo: </span></strong>O ministério é responsável pela produção de conteúdo religioso, como vídeos, áudios, blogs, redes sociais e materiais impressos.</p><p class="tm6"><strong><span class="tm7">Transmissão e streaming:</span></strong> O ministério gerencia a transmissão ao vivo dos cultos e eventos da igreja, possibilitando que as pessoas acompanhem remotamente por meio de transmissões online ou em redes sociais. Isso inclui a configuração e operação de equipamentos audiovisuais, transmissão de vídeo e áudio de alta qualidade e interação com a comunidade online.</p><p class="tm6"><strong><span class="tm7">Gerenciamento de mídias sociais:</span></strong> O ministério administra as contas de mídia social da igreja, criando e compartilhando conteúdo relevante, promovendo eventos e divulgando informações importantes. Isso inclui o uso estratégico de plataformas como Facebook, Instagram, Twitter, YouTube e outras.</p><p class="tm6"><strong><span class="tm7">Web design e manutenção:</span></strong> O ministério também é responsável pela manutenção do site da igreja, garantindo que seja atualizado regularmente e que contenha informações precisas sobre eventos, horários de culto, programas, ministérios e recursos adicionais. Isso pode envolver a criação de um design atraente, a organização de conteúdo e a implementação de recursos interativos.</p><p class="tm6"><strong><span class="tm7">Equipamentos e tecnologia:</span></strong> O ministério cuida da aquisição, configuração e manutenção de equipamentos audiovisuais, como câmeras, iluminação e projeção, bem como de softwares e aplicativos relacionados à mídia e comunicação.</p><p class="tm6"><strong><span class="tm7">Publicidade e marketing:</span></strong> O ministério planeja e executa estratégias de publicidade e marketing para promover a igreja e seus eventos, utilizando canais de mídia tradicionais e digitais para alcançar um público mais amplo.</p><p class="tm6"><strong><span class="tm7">Coordenação técnica:</span></strong> o ministério também é responsável pela coordenação dos aspectos técnicos da música durante os cultos. Isso pode incluir a utilização de equipamentos de som, projeção de letras de músicas, mixagem de áudio e outros aspectos relacionados à produção musical.</p>						</div>
				</div>
				</div>
					</div>
				</div>
							</div>

<p>MINISTÉRIO DE MÍDIA O Ministério de Mídia da Igreja IBA tem a responsabilidade de lidar com as questões relacionadas à comunicação, tecnologia e mídia da IBA. ATRIBUIÇÕES: Produção de conteúdo: O ministério é responsável pela produção de conteúdo religioso, como vídeos, áudios, blogs, redes sociais e materiais impressos. Transmissão e streaming: O ministério gerencia a [&hellip;]</p>
