{"id":45,"date":"2023-05-09T21:33:56","date_gmt":"2023-05-10T00:33:56","guid":{"rendered":"https:\/\/ibavancar.com\/?page_id=45"},"modified":"2023-07-17T21:07:10","modified_gmt":"2023-07-18T00:07:10","slug":"noticias","status":"publish","type":"page","link":"https:\/\/ibavancar.com\/index.php\/noticias\/","title":{"rendered":"Not\u00edcias"},"content":{"rendered":"\t\t<div data-elementor-type=\"wp-page\" data-elementor-id=\"45\" class=\"elementor elementor-45\">\n\t\t\t\t\t\t\t<div class=\"elementor-element elementor-element-f6209d1 e-con-full e-flex e-con\" data-id=\"f6209d1\" data-element_type=\"container\" data-settings=\"{&quot;content_width&quot;:&quot;full&quot;,&quot;background_background&quot;:&quot;classic&quot;}\">\n\t\t\t\t<div class=\"elementor-element elementor-element-d5dbba5 elementor-grid-3 elementor-grid-tablet-2 elementor-grid-mobile-1 elementor-posts--align-left elementor-widget elementor-widget-blogmentor_blog_posts\" data-id=\"d5dbba5\" data-element_type=\"widget\" data-settings=\"{&quot;post_card_row_gap&quot;:{&quot;unit&quot;:&quot;px&quot;,&quot;size&quot;:0,&quot;sizes&quot;:[]},&quot;bm_grid_columns&quot;:&quot;3&quot;,&quot;bm_grid_columns_tablet&quot;:&quot;2&quot;,&quot;bm_grid_columns_mobile&quot;:&quot;1&quot;,&quot;post_card_grid_gap&quot;:{&quot;unit&quot;:&quot;px&quot;,&quot;size&quot;:10,&quot;sizes&quot;:[]}}\" data-widget_type=\"blogmentor_blog_posts.default\">\n\t\t\t\t<div class=\"elementor-widget-container\">\n\t\t\t\t\t\n\t\t\t\t\t\t\t\t<div class=\"bm-blog-posts-wrapper\" >\n\t\t\t\t\t\t\t<div class=\"bm-blog-posts bm-display-grid elementor-grid elementor-grid-3\" >\n\t\t\t\t    <article id=\"post-3828\" class=\"item bm_layout post-3828 post type-post status-publish format-standard has-post-thumbnail hentry category-sem-categoria\">\n\t\t<div class=\"bm-blog-post-image entry-post-image\">\n\t\t\t<div class=\"bm-post-image clearfix bm-hover-effect\">\n\t\t\t\t<img width=\"576\" height=\"1024\" src=\"https:\/\/ibavancar.com\/wp-content\/uploads\/2023\/06\/acao-social-576x1024.jpg\" class=\"attachment-large size-large wp-post-image\" alt=\"\" decoding=\"async\" loading=\"lazy\" srcset=\"https:\/\/ibavancar.com\/wp-content\/uploads\/2023\/06\/acao-social-576x1024.jpg 576w, https:\/\/ibavancar.com\/wp-content\/uploads\/2023\/06\/acao-social-169x300.jpg 169w, https:\/\/ibavancar.com\/wp-content\/uploads\/2023\/06\/acao-social-200x356.jpg 200w, https:\/\/ibavancar.com\/wp-content\/uploads\/2023\/06\/acao-social.jpg 720w\" sizes=\"(max-width: 576px) 100vw, 576px\" \/>\t\t\t<\/div>\n\t\t<\/div>\n        <div class=\"bm-blog-post-content bm_content_box\">\n            <h4 class=\"entry-post-title bm_title\"><a href=\"https:\/\/ibavancar.com\/index.php\/2023\/07\/17\/acao-social-iba\/\" rel=\"bookmark\">A\u00e7\u00e3o Social IBA<\/a><\/h4>            <div class=\"bm-blog-post-meta entry-post-meta bm_meta\">\n                            <\/div>\n            <div class=\"entry-post-content bm_content\">\n                Em comemora\u00e7\u00e3o aos quarenta anos da Igreja Batista Avan\u00e7ar que fica localizada na Quadra 63, Casa 02 e 03 do Conjunto Saci. N\u00f3s estaremos promovendo um dia de a\u00e7\u00e3o social            <\/div>\n        <\/div>\n    <\/article>\n    <article id=\"post-496\" class=\"item bm_layout post-496 post type-post status-publish format-standard has-post-thumbnail hentry category-sem-categoria\">\n\t\t<div class=\"bm-blog-post-image entry-post-image\">\n\t\t\t<div class=\"bm-post-image clearfix bm-hover-effect\">\n\t\t\t\t<img width=\"800\" height=\"800\" src=\"https:\/\/ibavancar.com\/wp-content\/uploads\/2023\/05\/doacao-de-sangue-1024x1024.jpg\" class=\"attachment-large size-large wp-post-image\" alt=\"\" decoding=\"async\" loading=\"lazy\" srcset=\"https:\/\/ibavancar.com\/wp-content\/uploads\/2023\/05\/doacao-de-sangue-1024x1024.jpg 1024w, https:\/\/ibavancar.com\/wp-content\/uploads\/2023\/05\/doacao-de-sangue-300x300.jpg 300w, https:\/\/ibavancar.com\/wp-content\/uploads\/2023\/05\/doacao-de-sangue-150x150.jpg 150w, https:\/\/ibavancar.com\/wp-content\/uploads\/2023\/05\/doacao-de-sangue-768x768.jpg 768w, https:\/\/ibavancar.com\/wp-content\/uploads\/2023\/05\/doacao-de-sangue-250x250.jpg 250w, https:\/\/ibavancar.com\/wp-content\/uploads\/2023\/05\/doacao-de-sangue-200x200.jpg 200w, https:\/\/ibavancar.com\/wp-content\/uploads\/2023\/05\/doacao-de-sangue.jpg 1080w\" sizes=\"(max-width: 800px) 100vw, 800px\" \/>\t\t\t<\/div>\n\t\t<\/div>\n        <div class=\"bm-blog-post-content bm_content_box\">\n            <h4 class=\"entry-post-title bm_title\"><a href=\"https:\/\/ibavancar.com\/index.php\/2023\/05\/15\/campanha-de-doacao-de-sangue\/\" rel=\"bookmark\">Campanha de Doa\u00e7\u00e3o de Sangue<\/a><\/h4>            <div class=\"bm-blog-post-meta entry-post-meta bm_meta\">\n                            <\/div>\n            <div class=\"entry-post-content bm_content\">\n                Em comemora\u00e7\u00e3o ao anivers\u00e1rio da nossa igreja, estamos promovendo uma campanha de doa\u00e7\u00e3o de sangue em parceria com o Hemopi. Como crist\u00e3os, acreditamos que \u00e9 importante amar e cuidar do            <\/div>\n        <\/div>\n    <\/article>\n\t\t\t\t<\/div><\/div>\n\t\t\t\t\t\t<\/div>\n\t\t\t\t<\/div>\n\t\t\t\t<\/div>\n\t\t\t\t\t\t\t<\/div>\n\t\t","protected":false},"excerpt":{"rendered":"<p>A\u00e7\u00e3o Social IBA Em comemora\u00e7\u00e3o aos quarenta anos da Igreja Batista Avan\u00e7ar que fica localizada na Quadra 63, Casa 02 e 03 do Conjunto Saci. N\u00f3s estaremos promovendo um dia de a\u00e7\u00e3o social Campanha de Doa\u00e7\u00e3o de Sangue Em comemora\u00e7\u00e3o ao anivers\u00e1rio da nossa igreja, estamos promovendo uma campanha de doa\u00e7\u00e3o de sangue em parceria [&hellip;]<\/p>\n","protected":false},"author":1,"featured_media":0,"parent":0,"menu_order":0,"comment_status":"closed","ping_status":"closed","template":"","meta":[],"bairros":[],"_links":{"self":[{"href":"https:\/\/ibavancar.com\/index.php\/wp-json\/wp\/v2\/pages\/45"}],"collection":[{"href":"https:\/\/ibavancar.com\/index.php\/wp-json\/wp\/v2\/pages"}],"about":[{"href":"https:\/\/ibavancar.com\/index.php\/wp-json\/wp\/v2\/types\/page"}],"author":[{"embeddable":true,"href":"https:\/\/ibavancar.com\/index.php\/wp-json\/wp\/v2\/users\/1"}],"replies":[{"embeddable":true,"href":"https:\/\/ibavancar.com\/index.php\/wp-json\/wp\/v2\/comments?post=45"}],"version-history":[{"count":193,"href":"https:\/\/ibavancar.com\/index.php\/wp-json\/wp\/v2\/pages\/45\/revisions"}],"predecessor-version":[{"id":3857,"href":"https:\/\/ibavancar.com\/index.php\/wp-json\/wp\/v2\/pages\/45\/revisions\/3857"}],"wp:attachment":[{"href":"https:\/\/ibavancar.com\/index.php\/wp-json\/wp\/v2\/media?parent=45"}],"wp:term":[{"taxonomy":"bairros","embeddable":true,"href":"https:\/\/ibavancar.com\/index.php\/wp-json\/wp\/v2\/bairros?post=45"}],"curies":[{"name":"wp","href":"https:\/\/api.w.org\/{rel}","templated":true}]}}

Notícias

<div data-elementor-type="wp-page" data-elementor-id="45" class="elementor elementor-45">
							<div class="elementor-element elementor-element-f6209d1 e-con-full e-flex e-con" data-id="f6209d1" data-element_type="container" data-settings="{&quot;content_width&quot;:&quot;full&quot;,&quot;background_background&quot;:&quot;classic&quot;}">
				<div class="elementor-element elementor-element-d5dbba5 elementor-grid-3 elementor-grid-tablet-2 elementor-grid-mobile-1 elementor-posts--align-left elementor-widget elementor-widget-blogmentor_blog_posts" data-id="d5dbba5" data-element_type="widget" data-settings="{&quot;post_card_row_gap&quot;:{&quot;unit&quot;:&quot;px&quot;,&quot;size&quot;:0,&quot;sizes&quot;:[]},&quot;bm_grid_columns&quot;:&quot;3&quot;,&quot;bm_grid_columns_tablet&quot;:&quot;2&quot;,&quot;bm_grid_columns_mobile&quot;:&quot;1&quot;,&quot;post_card_grid_gap&quot;:{&quot;unit&quot;:&quot;px&quot;,&quot;size&quot;:10,&quot;sizes&quot;:[]}}" data-widget_type="blogmentor_blog_posts.default">
				<div class="elementor-widget-container">
					
								<div class="bm-blog-posts-wrapper" >
							<div class="bm-blog-posts bm-display-grid elementor-grid elementor-grid-3" >
				    <article id="post-3828" class="item bm_layout post-3828 post type-post status-publish format-standard has-post-thumbnail hentry category-sem-categoria">
		<div class="bm-blog-post-image entry-post-image">
			<div class="bm-post-image clearfix bm-hover-effect">
				<img width="576" height="1024" src="https://ibavancar.com/wp-content/uploads/2023/06/acao-social-576x1024.jpg" class="attachment-large size-large wp-post-image" alt="" decoding="async" loading="lazy" srcset="https://ibavancar.com/wp-content/uploads/2023/06/acao-social-576x1024.jpg 576w, https://ibavancar.com/wp-content/uploads/2023/06/acao-social-169x300.jpg 169w, https://ibavancar.com/wp-content/uploads/2023/06/acao-social-200x356.jpg 200w, https://ibavancar.com/wp-content/uploads/2023/06/acao-social.jpg 720w" sizes="(max-width: 576px) 100vw, 576px" />			</div>
		</div>
        <div class="bm-blog-post-content bm_content_box">
            <h4 class="entry-post-title bm_title"><a href="https://ibavancar.com/index.php/2023/07/17/acao-social-iba/" rel="bookmark">Ação Social IBA</a></h4>            <div class="bm-blog-post-meta entry-post-meta bm_meta">
                            </div>
            <div class="entry-post-content bm_content">
                Em comemoração aos quarenta anos da Igreja Batista Avançar que fica localizada na Quadra 63, Casa 02 e 03 do Conjunto Saci. Nós estaremos promovendo um dia de ação social            </div>
        </div>
    </article>
    <article id="post-496" class="item bm_layout post-496 post type-post status-publish format-standard has-post-thumbnail hentry category-sem-categoria">
		<div class="bm-blog-post-image entry-post-image">
			<div class="bm-post-image clearfix bm-hover-effect">
				<img width="800" height="800" src="https://ibavancar.com/wp-content/uploads/2023/05/doacao-de-sangue-1024x1024.jpg" class="attachment-large size-large wp-post-image" alt="" decoding="async" loading="lazy" srcset="https://ibavancar.com/wp-content/uploads/2023/05/doacao-de-sangue-1024x1024.jpg 1024w, https://ibavancar.com/wp-content/uploads/2023/05/doacao-de-sangue-300x300.jpg 300w, https://ibavancar.com/wp-content/uploads/2023/05/doacao-de-sangue-150x150.jpg 150w, https://ibavancar.com/wp-content/uploads/2023/05/doacao-de-sangue-768x768.jpg 768w, https://ibavancar.com/wp-content/uploads/2023/05/doacao-de-sangue-250x250.jpg 250w, https://ibavancar.com/wp-content/uploads/2023/05/doacao-de-sangue-200x200.jpg 200w, https://ibavancar.com/wp-content/uploads/2023/05/doacao-de-sangue.jpg 1080w" sizes="(max-width: 800px) 100vw, 800px" />			</div>
		</div>
        <div class="bm-blog-post-content bm_content_box">
            <h4 class="entry-post-title bm_title"><a href="https://ibavancar.com/index.php/2023/05/15/campanha-de-doacao-de-sangue/" rel="bookmark">Campanha de Doação de Sangue</a></h4>            <div class="bm-blog-post-meta entry-post-meta bm_meta">
                            </div>
            <div class="entry-post-content bm_content">
                Em comemoração ao aniversário da nossa igreja, estamos promovendo uma campanha de doação de sangue em parceria com o Hemopi. Como cristãos, acreditamos que é importante amar e cuidar do            </div>
        </div>
    </article>
				</div></div>
						</div>
				</div>
				</div>
							</div>

<p>Ação Social IBA Em comemoração aos quarenta anos da Igreja Batista Avançar que fica localizada na Quadra 63, Casa 02 e 03 do Conjunto Saci. Nós estaremos promovendo um dia de ação social Campanha de Doação de Sangue Em comemoração ao aniversário da nossa igreja, estamos promovendo uma campanha de doação de sangue em parceria [&hellip;]</p>
