{"id":798,"date":"2023-05-26T10:48:59","date_gmt":"2023-05-26T13:48:59","guid":{"rendered":"https:\/\/ibavancar.com\/?page_id=798"},"modified":"2023-06-29T07:36:36","modified_gmt":"2023-06-29T10:36:36","slug":"acao-social","status":"publish","type":"page","link":"https:\/\/ibavancar.com\/index.php\/acao-social\/","title":{"rendered":"A\u00e7\u00e3o Social"},"content":{"rendered":"\t\t<div data-elementor-type=\"wp-page\" data-elementor-id=\"798\" class=\"elementor elementor-798\">\n\t\t\t\t\t\t\t<div class=\"elementor-element elementor-element-d8bcb4e e-con-boxed e-flex e-con\" data-id=\"d8bcb4e\" data-element_type=\"container\" data-settings=\"{&quot;background_background&quot;:&quot;classic&quot;,&quot;content_width&quot;:&quot;boxed&quot;}\">\n\t\t\t\t\t<div class=\"e-con-inner\">\n\t\t<div class=\"elementor-element elementor-element-a11393d e-con-full e-flex e-con\" data-id=\"a11393d\" data-element_type=\"container\" data-settings=\"{&quot;content_width&quot;:&quot;full&quot;,&quot;background_background&quot;:&quot;classic&quot;}\">\n\t\t\t\t<div class=\"elementor-element elementor-element-ec76f07 elementor-widget elementor-widget-heading\" data-id=\"ec76f07\" data-element_type=\"widget\" data-widget_type=\"heading.default\">\n\t\t\t\t<div class=\"elementor-widget-container\">\n\t\t\t<style>\/*! elementor - v3.13.3 - 22-05-2023 *\/\n.elementor-heading-title{padding:0;margin:0;line-height:1}.elementor-widget-heading .elementor-heading-title[class*=elementor-size-]>a{color:inherit;font-size:inherit;line-height:inherit}.elementor-widget-heading .elementor-heading-title.elementor-size-small{font-size:15px}.elementor-widget-heading .elementor-heading-title.elementor-size-medium{font-size:19px}.elementor-widget-heading .elementor-heading-title.elementor-size-large{font-size:29px}.elementor-widget-heading .elementor-heading-title.elementor-size-xl{font-size:39px}.elementor-widget-heading .elementor-heading-title.elementor-size-xxl{font-size:59px}<\/style><h2 class=\"elementor-heading-title elementor-size-default\">MINIST\u00c9RIO DE A\u00c7\u00c3O SOCIAL<\/h2>\t\t<\/div>\n\t\t\t\t<\/div>\n\t\t\t\t<div class=\"elementor-element elementor-element-a51d992 elementor-widget elementor-widget-text-editor\" data-id=\"a51d992\" data-element_type=\"widget\" data-widget_type=\"text-editor.default\">\n\t\t\t\t<div class=\"elementor-widget-container\">\n\t\t\t<style>\/*! elementor - v3.13.3 - 22-05-2023 *\/\n.elementor-widget-text-editor.elementor-drop-cap-view-stacked .elementor-drop-cap{background-color:#69727d;color:#fff}.elementor-widget-text-editor.elementor-drop-cap-view-framed .elementor-drop-cap{color:#69727d;border:3px solid;background-color:transparent}.elementor-widget-text-editor:not(.elementor-drop-cap-view-default) .elementor-drop-cap{margin-top:8px}.elementor-widget-text-editor:not(.elementor-drop-cap-view-default) .elementor-drop-cap-letter{width:1em;height:1em}.elementor-widget-text-editor .elementor-drop-cap{float:left;text-align:center;line-height:1;font-size:50px}.elementor-widget-text-editor .elementor-drop-cap-letter{display:inline-block}<\/style>\t\t\t\t<p class=\"tm7\"><span class=\"tm8\">O <\/span><strong><span class=\"tm9\">Minist\u00e9rio de A\u00e7\u00e3o Social da IBA<\/span><\/strong><span class=\"tm8\"> tem por finalidade suprimir as necessidades f\u00edsica, mental e espiritual daqueles que s\u00e3o amparados atrav\u00e9s dos nossos programas sociais.<\/span><\/p>\n<p class=\"tm7\"><strong><span class=\"tm9\">A\u00c7\u00d5ES:<\/span><\/strong><\/p>\n<p class=\"tm7\"><strong><span class=\"tm9\">Distribui\u00e7\u00e3o de Cestas B\u00e1sicas<\/span><\/strong><span class=\"tm8\"> &#8211; todos os meses realizamos a distribui\u00e7\u00e3o de cestas b\u00e1sicas para suprir necessidades dos menos favorecidos de nossa igreja e da comunidade em geral;<\/span><\/p>\n<p class=\"tm7\"><strong><span class=\"tm9\">Distribui\u00e7\u00e3o de Lanches &#8211; <\/span><\/strong><span class=\"tm8\">02 (duas) vezes por m\u00eas realizamos a distribui\u00e7\u00e3o de lanches para pessoas que est\u00e3o em situa\u00e7\u00e3o de vulnerabilidade e tamb\u00e9m levamos uma mensagem de esperan\u00e7a para essas pessoas;<\/span><\/p>\n<p class=\"tm7\"><strong><span class=\"tm9\">Apoio a Centros de Recupera\u00e7\u00e3o de Dependentes Qu\u00edmicos<\/span><\/strong><span class=\"tm8\"> &#8211; ajudamos alguns Centro de Recupera\u00e7\u00e3o atrav\u00e9s de entrega de cestas b\u00e1sicas, ajuda financeira e tamb\u00e9m enviamos mission\u00e1rios para ministrarem palestras nos referidos centros;<\/span><\/p>\n<p class=\"tm7\"><strong><span class=\"tm9\">Acolhimento e Encaminhamento de Pessoas com Depend\u00eancia Qu\u00edmica<\/span><\/strong><span class=\"tm8\"> &#8211; realizamos o acolhimento de pessoas com possuem algum tipo de depend\u00eancia qu\u00edmica e encaminhamos para os Centros de Recupera\u00e7\u00e3o que firmamos parcerias;<\/span><\/p>\n<p class=\"tm7\"><strong><span class=\"tm9\">Atividades de Servi\u00e7o Comunit\u00e1rio:<\/span><\/strong><span class=\"tm8\"> O minist\u00e9rio realiza a\u00e7\u00f5es de servi\u00e7o comunit\u00e1rio. Isso pode incluir projetos de ajuda a pessoas em situa\u00e7\u00e3o de vulnerabilidade, visitas a lares de idosos, arrecada\u00e7\u00e3o de alimentos para fam\u00edlias carentes, trabalho em projetos sociais, entre outros. Essas atividades proporcionam a oportunidade de expressar amor ao pr\u00f3ximo e impactar positivamente a comunidade ao seu redor.<\/span><\/p>\n<p class=\"tm7\"><span class=\"tm8\">Para realizar esse trabalho contamos com a doa\u00e7\u00e3o de recursos financeiros atrav\u00e9s da arrecada\u00e7\u00e3o de nossas c\u00e9lulas, e se voc\u00ea n\u00e3o faz parte de nenhuma c\u00e9lula de nossa Igreja poder\u00e1 contribuir com qualquer valor atrav\u00e9s da chave PIX <\/span><u><a href=\"social@ibavancar.com.br\"><span class=\"tm8\">social@ibavancar.com<\/span><\/a><\/u><span class=\"tm8\"> ou doando cesta b\u00e1sica na sede da nossa Igreja localizada na Quadra 63, Casa 02 e 03, Conjunto Saci, Teresina-PI (de segunda a sexta no hor\u00e1rio de 08h00 \u00e0s 12h00 e de 14h00 \u00e0s 18h00).<\/span><\/p>\n<p class=\"Normal\">\n<\/p>\t\t\t\t\t\t<\/div>\n\t\t\t\t<\/div>\n\t\t\t\t<\/div>\n\t\t\t\t\t<\/div>\n\t\t\t\t<\/div>\n\t\t\t\t\t\t\t<\/div>\n\t\t","protected":false},"excerpt":{"rendered":"<p>MINIST\u00c9RIO DE A\u00c7\u00c3O SOCIAL O Minist\u00e9rio de A\u00e7\u00e3o Social da IBA tem por finalidade suprimir as necessidades f\u00edsica, mental e espiritual daqueles que s\u00e3o amparados atrav\u00e9s dos nossos programas sociais. A\u00c7\u00d5ES: Distribui\u00e7\u00e3o de Cestas B\u00e1sicas &#8211; todos os meses realizamos a distribui\u00e7\u00e3o de cestas b\u00e1sicas para suprir necessidades dos menos favorecidos de nossa igreja e [&hellip;]<\/p>\n","protected":false},"author":1,"featured_media":0,"parent":0,"menu_order":0,"comment_status":"closed","ping_status":"closed","template":"","meta":[],"bairros":[],"_links":{"self":[{"href":"https:\/\/ibavancar.com\/index.php\/wp-json\/wp\/v2\/pages\/798"}],"collection":[{"href":"https:\/\/ibavancar.com\/index.php\/wp-json\/wp\/v2\/pages"}],"about":[{"href":"https:\/\/ibavancar.com\/index.php\/wp-json\/wp\/v2\/types\/page"}],"author":[{"embeddable":true,"href":"https:\/\/ibavancar.com\/index.php\/wp-json\/wp\/v2\/users\/1"}],"replies":[{"embeddable":true,"href":"https:\/\/ibavancar.com\/index.php\/wp-json\/wp\/v2\/comments?post=798"}],"version-history":[{"count":64,"href":"https:\/\/ibavancar.com\/index.php\/wp-json\/wp\/v2\/pages\/798\/revisions"}],"predecessor-version":[{"id":2688,"href":"https:\/\/ibavancar.com\/index.php\/wp-json\/wp\/v2\/pages\/798\/revisions\/2688"}],"wp:attachment":[{"href":"https:\/\/ibavancar.com\/index.php\/wp-json\/wp\/v2\/media?parent=798"}],"wp:term":[{"taxonomy":"bairros","embeddable":true,"href":"https:\/\/ibavancar.com\/index.php\/wp-json\/wp\/v2\/bairros?post=798"}],"curies":[{"name":"wp","href":"https:\/\/api.w.org\/{rel}","templated":true}]}}

Ação Social

<div data-elementor-type="wp-page" data-elementor-id="798" class="elementor elementor-798">
							<div class="elementor-element elementor-element-d8bcb4e e-con-boxed e-flex e-con" data-id="d8bcb4e" data-element_type="container" data-settings="{&quot;background_background&quot;:&quot;classic&quot;,&quot;content_width&quot;:&quot;boxed&quot;}">
					<div class="e-con-inner">
		<div class="elementor-element elementor-element-a11393d e-con-full e-flex e-con" data-id="a11393d" data-element_type="container" data-settings="{&quot;content_width&quot;:&quot;full&quot;,&quot;background_background&quot;:&quot;classic&quot;}">
				<div class="elementor-element elementor-element-ec76f07 elementor-widget elementor-widget-heading" data-id="ec76f07" data-element_type="widget" data-widget_type="heading.default">
				<div class="elementor-widget-container">
			<style>/*! elementor - v3.13.3 - 22-05-2023 */
.elementor-heading-title{padding:0;margin:0;line-height:1}.elementor-widget-heading .elementor-heading-title[class*=elementor-size-]>a{color:inherit;font-size:inherit;line-height:inherit}.elementor-widget-heading .elementor-heading-title.elementor-size-small{font-size:15px}.elementor-widget-heading .elementor-heading-title.elementor-size-medium{font-size:19px}.elementor-widget-heading .elementor-heading-title.elementor-size-large{font-size:29px}.elementor-widget-heading .elementor-heading-title.elementor-size-xl{font-size:39px}.elementor-widget-heading .elementor-heading-title.elementor-size-xxl{font-size:59px}</style><h2 class="elementor-heading-title elementor-size-default">MINISTÉRIO DE AÇÃO SOCIAL</h2>		</div>
				</div>
				<div class="elementor-element elementor-element-a51d992 elementor-widget elementor-widget-text-editor" data-id="a51d992" data-element_type="widget" data-widget_type="text-editor.default">
				<div class="elementor-widget-container">
			<style>/*! elementor - v3.13.3 - 22-05-2023 */
.elementor-widget-text-editor.elementor-drop-cap-view-stacked .elementor-drop-cap{background-color:#69727d;color:#fff}.elementor-widget-text-editor.elementor-drop-cap-view-framed .elementor-drop-cap{color:#69727d;border:3px solid;background-color:transparent}.elementor-widget-text-editor:not(.elementor-drop-cap-view-default) .elementor-drop-cap{margin-top:8px}.elementor-widget-text-editor:not(.elementor-drop-cap-view-default) .elementor-drop-cap-letter{width:1em;height:1em}.elementor-widget-text-editor .elementor-drop-cap{float:left;text-align:center;line-height:1;font-size:50px}.elementor-widget-text-editor .elementor-drop-cap-letter{display:inline-block}</style>				<p class="tm7"><span class="tm8">O </span><strong><span class="tm9">Ministério de Ação Social da IBA</span></strong><span class="tm8"> tem por finalidade suprimir as necessidades física, mental e espiritual daqueles que são amparados através dos nossos programas sociais.</span></p>
<p class="tm7"><strong><span class="tm9">AÇÕES:</span></strong></p>
<p class="tm7"><strong><span class="tm9">Distribuição de Cestas Básicas</span></strong><span class="tm8"> &#8211; todos os meses realizamos a distribuição de cestas básicas para suprir necessidades dos menos favorecidos de nossa igreja e da comunidade em geral;</span></p>
<p class="tm7"><strong><span class="tm9">Distribuição de Lanches &#8211; </span></strong><span class="tm8">02 (duas) vezes por mês realizamos a distribuição de lanches para pessoas que estão em situação de vulnerabilidade e também levamos uma mensagem de esperança para essas pessoas;</span></p>
<p class="tm7"><strong><span class="tm9">Apoio a Centros de Recuperação de Dependentes Químicos</span></strong><span class="tm8"> &#8211; ajudamos alguns Centro de Recuperação através de entrega de cestas básicas, ajuda financeira e também enviamos missionários para ministrarem palestras nos referidos centros;</span></p>
<p class="tm7"><strong><span class="tm9">Acolhimento e Encaminhamento de Pessoas com Dependência Química</span></strong><span class="tm8"> &#8211; realizamos o acolhimento de pessoas com possuem algum tipo de dependência química e encaminhamos para os Centros de Recuperação que firmamos parcerias;</span></p>
<p class="tm7"><strong><span class="tm9">Atividades de Serviço Comunitário:</span></strong><span class="tm8"> O ministério realiza ações de serviço comunitário. Isso pode incluir projetos de ajuda a pessoas em situação de vulnerabilidade, visitas a lares de idosos, arrecadação de alimentos para famílias carentes, trabalho em projetos sociais, entre outros. Essas atividades proporcionam a oportunidade de expressar amor ao próximo e impactar positivamente a comunidade ao seu redor.</span></p>
<p class="tm7"><span class="tm8">Para realizar esse trabalho contamos com a doação de recursos financeiros através da arrecadação de nossas células, e se você não faz parte de nenhuma célula de nossa Igreja poderá contribuir com qualquer valor através da chave PIX </span><u><a href="social@ibavancar.com.br"><span class="tm8">social@ibavancar.com</span></a></u><span class="tm8"> ou doando cesta básica na sede da nossa Igreja localizada na Quadra 63, Casa 02 e 03, Conjunto Saci, Teresina-PI (de segunda a sexta no horário de 08h00 às 12h00 e de 14h00 às 18h00).</span></p>
<p class="Normal">
</p>						</div>
				</div>
				</div>
					</div>
				</div>
							</div>

<p>MINISTÉRIO DE AÇÃO SOCIAL O Ministério de Ação Social da IBA tem por finalidade suprimir as necessidades física, mental e espiritual daqueles que são amparados através dos nossos programas sociais. AÇÕES: Distribuição de Cestas Básicas &#8211; todos os meses realizamos a distribuição de cestas básicas para suprir necessidades dos menos favorecidos de nossa igreja e [&hellip;]</p>
